{"id":312,"date":"2014-06-20T11:08:26","date_gmt":"2014-06-20T11:08:26","guid":{"rendered":"http:\/\/centresmolina.com\/centreensenyament\/?page_id=312"},"modified":"2025-11-19T12:51:43","modified_gmt":"2025-11-19T12:51:43","slug":"serveis","status":"publish","type":"page","link":"https:\/\/centresmolina.com\/centreensenyament\/serveis\/","title":{"rendered":"Activitats Extraescolars \/ Serveis"},"content":{"rendered":"<div id=\"pl-312\"  class=\"panel-layout\"><div id=\"pg-312-0\"  class=\"panel-grid panel-has-style\"><div class=\"fonsblanc panel-row-style panel-row-style-for-312-0\"><div id=\"pgc-312-0-0\"  class=\"panel-grid-cell\"><div id=\"panel-312-0-0-0\" class=\"so-panel widget widget_black-studio-tinymce widget_black_studio_tinymce panel-first-child\" data-index=\"0\"><div class=\"textwidget\"><div id=\"actividades-extraescolares\" class=\"floatimatge\"><img loading=\"lazy\" decoding=\"async\" class=\"imatge alignnone wp-image-285 size-full\" src=\"http:\/\/centresmolina.com\/centreensenyament\/wp-content\/uploads\/sites\/2\/2014\/06\/sol_ico.png\" alt=\"sol_ico\" width=\"111\" height=\"110\" \/>\u00a0<\/div>\n<div class=\"floattext\">\n<h3>SUMMER SCHOOL \/ ESCOLA D\u2019ESTIU<\/h3>\n<p>Una alternativa l\u00fadica, esportiva i cultural per a les primeres setmanes d'estiu.<\/p>\n<\/div>\n<div class=\"clear\">\u00a0<\/div>\n<\/div><\/div><div id=\"panel-312-0-0-1\" class=\"so-panel widget widget_black-studio-tinymce widget_black_studio_tinymce panel-last-child\" data-index=\"1\"><div class=\"textwidget\"><div class=\"floatimatge\"><img loading=\"lazy\" decoding=\"async\" class=\"imatge alignnone wp-image-286 size-full\" src=\"http:\/\/centresmolina.com\/centreensenyament\/wp-content\/uploads\/sites\/2\/2014\/06\/ordena_ico.png\" alt=\"ordena_ico\" width=\"111\" height=\"110\" \/><\/div>\n<div class=\"floattext\">\n<h3>INFORM\u00c0TICA PER A ADULTS<\/h3>\n<p>Adre\u00e7at a persones adultes amb coneixements m\u00ednims d\u2019inform\u00e0tica. Apr\u00e8n a utilitzar Windows, Word, etc...<\/p>\n<\/div>\n<div class=\"clear\">\u00a0<\/div>\n<\/div><\/div><\/div><div id=\"pgc-312-0-1\"  class=\"panel-grid-cell\"><div id=\"panel-312-0-1-0\" class=\"so-panel widget widget_black-studio-tinymce widget_black_studio_tinymce panel-first-child\" data-index=\"2\"><div class=\"textwidget\"><div class=\"floatimatge\"><img loading=\"lazy\" decoding=\"async\" class=\"imatge alignnone wp-image-287 size-full\" src=\"http:\/\/centresmolina.com\/centreensenyament\/wp-content\/uploads\/sites\/2\/2014\/06\/speach-red-ico.png\" alt=\"speach-red-ico\" width=\"111\" height=\"110\" \/><\/div>\n<div class=\"floattext\">\n<h3>IDIOMES<\/h3>\n<p>Angl\u00e8s, franc\u00e8s, alemany, xin\u00e8s, japon\u00e8s, \u2026 <br \/><a title=\"Molina Idiomes\" href=\"http:\/\/centresmolina.com\/molinaidiomas\/\">+ info Molina Language College<\/a><\/p>\n<\/div>\n<div class=\"clear\">\u00a0<\/div>\n<\/div><\/div><div id=\"panel-312-0-1-1\" class=\"so-panel widget widget_black-studio-tinymce widget_black_studio_tinymce panel-last-child\" data-index=\"3\"><div class=\"textwidget\"><div class=\"floatimatge\"><img loading=\"lazy\" decoding=\"async\" class=\"imatge alignnone wp-image-288 size-full\" src=\"http:\/\/centresmolina.com\/centreensenyament\/wp-content\/uploads\/sites\/2\/2014\/06\/musica_icon-2.png\" alt=\"musica_icon-2\" width=\"111\" height=\"110\" \/><\/div>\n<div class=\"floattext\">\n<h3>M\u00daSICA<\/h3>\n<p>Sensibilitzaci\u00f3 Musical, Iniciaci\u00f3 a la M\u00fasica, Llenguatge Musical, Instrument (piano, guitarra cl\u00e0ssica, viol\u00ed, flauta, etc), Cant Coral, ...<br \/> <a href=\"http:\/\/centresmolina.com\/molinamusica\/\">+ info Escola de M\u00fasica Molina<\/a><\/p>\n<\/div>\n<div class=\"clear\">\u00a0<\/div>\n<\/div><\/div><\/div><\/div><\/div><div id=\"pg-312-1\"  class=\"panel-grid panel-has-style\"><div class=\"fonsblau panel-row-style panel-row-style-for-312-1\"><div id=\"pgc-312-1-0\"  class=\"panel-grid-cell\"><div id=\"panel-312-1-0-0\" class=\"so-panel widget widget_black-studio-tinymce widget_black_studio_tinymce panel-first-child panel-last-child\" data-index=\"4\"><div class=\"textwidget\"><div id=\"refuerzo-escolar\" class=\"columnacont\">\n<h1>Refor\u00e7 Escolar<\/h1>\n<p>S\u2019ofereix a alumnes de prim\u00e0ria i de secund\u00e0ria la possibilitat de refor\u00e7ar, principalment, les mat\u00e8ries troncals i les compet\u00e8ncies b\u00e0siques creant grups redu\u00efts amb l\u2019objectiu de preparar les recuperacions de les assignatures no superades, aix\u00ed com tamb\u00e9 millorar les t\u00e8cniques d\u2019estudi i ajudar a l\u2019alumne a assegurar un bon rendiment de les mat\u00e8ries en general.<\/p>\n<p>L\u2019objectiu \u00e9s<strong> millorar els h\u00e0bits per a assumir responsabilitat personal davant l\u2019estudi<\/strong>; tant pel que fa a la comprensi\u00f3, memoritzaci\u00f3, fer deures, treballs, resums, etc.<\/p>\n<\/div>\n<\/div><\/div><\/div><div id=\"pgc-312-1-1\"  class=\"panel-grid-cell\"><div id=\"panel-312-1-1-0\" class=\"so-panel widget widget_black-studio-tinymce widget_black_studio_tinymce panel-first-child panel-last-child\" data-index=\"5\"><div class=\"textwidget\"><div class=\"columnacont\">\n<h1 style=\"border: none;\">\u00a0<\/h1>\n<p>Activitat oberta a tots els alumnes, tant de la nostra escola com d\u2019altres escoles.<\/p>\n<p>La const\u00e0ncia, la for\u00e7a de voluntat i una major dedicaci\u00f3 s\u00f3n b\u00e0siques per a assolir els objectius establerts i assegurar una formaci\u00f3 s\u00f2lida tant per a superar el curs com per al futur.<\/p>\n<p><em>Per a m\u00e9s informaci\u00f3 podeu consultar preus i horaris a la secretaria de l\u2019escola.<\/em><\/p>\n<p><a class=\"boto\" title=\"Secretaria\" href=\"http:\/\/centresmolina.com\/centreensenyament\/secretaria\/\">Secretaria<\/a><\/p>\n<\/div>\n<\/div><\/div><\/div><\/div><\/div><div id=\"pg-312-2\"  class=\"panel-grid panel-has-style\"><div class=\"nopadding panel-row-style panel-row-style-for-312-2\"><div id=\"pgc-312-2-0\"  class=\"panel-grid-cell\"><div id=\"panel-312-2-0-0\" class=\"so-panel widget widget_black-studio-tinymce widget_black_studio_tinymce panel-first-child panel-last-child\" data-index=\"6\"><div class=\"textwidget\"><p><a href=\"http:\/\/centresmolina.com\/centreensenyament\/files\/2014\/06\/reforc_escolar_2.jpg\"><img loading=\"lazy\" decoding=\"async\" class=\"imatge alignnone wp-image-659 size-full\" src=\"http:\/\/centresmolina.com\/centreensenyament\/files\/2014\/06\/reforc_escolar_2.jpg\" alt=\"\" width=\"1400\" height=\"575\" srcset=\"https:\/\/centresmolina.com\/centreensenyament\/files\/2014\/06\/reforc_escolar_2.jpg 1400w, https:\/\/centresmolina.com\/centreensenyament\/files\/2014\/06\/reforc_escolar_2-300x123.jpg 300w, https:\/\/centresmolina.com\/centreensenyament\/files\/2014\/06\/reforc_escolar_2-1024x421.jpg 1024w\" sizes=\"auto, (max-width: 1400px) 100vw, 1400px\" \/><\/a><\/p><\/div><\/div><\/div><\/div><\/div><div id=\"pg-312-3\"  class=\"panel-grid panel-has-style\"><div class=\"fonsblaufosc panel-row-style panel-row-style-for-312-3\"><div id=\"pgc-312-3-0\"  class=\"panel-grid-cell\"><div id=\"panel-312-3-0-0\" class=\"so-panel widget widget_black-studio-tinymce widget_black_studio_tinymce panel-first-child panel-last-child\" data-index=\"7\"><div class=\"textwidget\"><div id=\"soporte-especial\" class=\"columnacont\">\n<h1>Centre amb unitat de suport\u00a0a l\u2019educaci\u00f3 especial<\/h1>\n<p>Independentment de ser un centre que atenem a la diversitat i que gaudeix d\u2019una atenci\u00f3 especial per a cada alumne, en quant al seguiment i detecci\u00f3 de dificultats de tota mena, <strong>ens caracteritzem per ser un centre amb una unitat de suport a l\u2019educaci\u00f3 especial amb molta experi\u00e8ncia.<\/strong><\/p>\n<p>Gaudim d\u2019un tracte privilegiat amb entitats com l\u2019EAP (equip d\u2019atenci\u00f3 pedag\u00f2gica), l\u2019EAIA (equip d\u2019atenci\u00f3 a la inf\u00e0ncia i a la adolesc\u00e8ncia), etc i d\u2019una gran facilitat a l\u2019hora de detectar alumnes amb NEE (necessitats educatives especials), dur a terme tot el proc\u00e9s d\u2019adaptaci\u00f3 curricular, treballar amb aquests alumnes de forma individual amb materials propis adaptats a les necessitats de cada cas i a<strong> treballar per a l\u2019evoluci\u00f3 personal de cada nen\/a. <\/strong><\/p>\n<\/div>\n<\/div><\/div><\/div><div id=\"pgc-312-3-1\"  class=\"panel-grid-cell\"><div id=\"panel-312-3-1-0\" class=\"so-panel widget widget_black-studio-tinymce widget_black_studio_tinymce panel-first-child panel-last-child\" data-index=\"8\"><div class=\"textwidget\"><div class=\"columnacont\">\n<h1 style=\"border: none;\">\u00a0<\/h1>\n<p>El fet d\u2019enllestir tots aquests processos amb rapidesa, professionalitat i focalitzats en les caracter\u00edstiques concretes de cada cas fan que l\u2019alumne no perdi el ritme del curs i s\u2019adapti de manera natural i paral\u00b7lela a la programaci\u00f3 i a les activitats del curs.<\/p>\n<p><strong>Acc\u00e9s per a persones amb discapacitat<\/strong><\/p>\n<p>Tenim l\u2019escola totalment adaptada per a persones amb mobilitat redu\u00efda, on els accessos estan lliures de qualsevol barrera.<\/p>\n<p>Aquestes persones disposen tamb\u00e9 d\u2019espai personal per a desar els seus objectes personals.<\/p>\n<p>\u00a0<\/p>\n<p><span class=\"caja-especial\">EAP<\/span>\u00a0<span class=\"caja-especial\">EAIA<\/span>\u00a0<span class=\"caja-especial\">NEE<\/span><\/p>\n<\/div>\n<\/div><\/div><\/div><\/div><\/div><div id=\"pg-312-4\"  class=\"panel-grid panel-has-style\"><div class=\"spaceicon panel-row-style panel-row-style-for-312-4\"><div id=\"pgc-312-4-0\"  class=\"panel-grid-cell\"><div id=\"panel-312-4-0-0\" class=\"so-panel widget widget_black-studio-tinymce widget_black_studio_tinymce panel-first-child panel-last-child\" data-index=\"9\"><div class=\"textwidget\"><div style=\"text-align: center;\"><img loading=\"lazy\" decoding=\"async\" class=\"size-full wp-image-402 aligncenter img-responsive center-block\" src=\"http:\/\/centresmolina.com\/centreensenyament\/wp-content\/uploads\/sites\/2\/2014\/06\/pc.png\" alt=\"pc\" width=\"103\" height=\"81\" data-id=\"402\" \/><\/div>\n<h1 style=\"text-align: center;\"><span class=\"blau\">Tecnologia a l'Aula<\/span><\/h1>\n<\/div><\/div><\/div><\/div><\/div><div id=\"pg-312-5\"  class=\"panel-grid panel-has-style\"><div class=\"fonsblanc panel-row-style panel-row-style-for-312-5\"><div id=\"pgc-312-5-0\"  class=\"panel-grid-cell\"><div id=\"panel-312-5-0-0\" class=\"so-panel widget widget_black-studio-tinymce widget_black_studio_tinymce panel-first-child panel-last-child\" data-index=\"10\"><div class=\"textwidget\"><div id=\"tecnologia-aula\" class=\"columnacont\"><a href=\"http:\/\/centresmolina.com\/centreensenyament\/files\/2014\/06\/tecno_aula.jpg\"><img loading=\"lazy\" decoding=\"async\" class=\"imatge alignnone wp-image-656 size-full\" src=\"http:\/\/centresmolina.com\/centreensenyament\/files\/2014\/06\/tecno_aula.jpg\" alt=\"\" width=\"1400\" height=\"575\" srcset=\"https:\/\/centresmolina.com\/centreensenyament\/files\/2014\/06\/tecno_aula.jpg 1400w, https:\/\/centresmolina.com\/centreensenyament\/files\/2014\/06\/tecno_aula-300x123.jpg 300w, https:\/\/centresmolina.com\/centreensenyament\/files\/2014\/06\/tecno_aula-1024x421.jpg 1024w\" sizes=\"auto, (max-width: 1400px) 100vw, 1400px\" \/><\/a><\/div>\n<div class=\"columnacont\"><a href=\"http:\/\/centresmolina.com\/centreensenyament\/files\/2014\/06\/tecno_aula_2.jpg\"><img loading=\"lazy\" decoding=\"async\" class=\"imatge alignnone wp-image-657 size-full\" src=\"http:\/\/centresmolina.com\/centreensenyament\/files\/2014\/06\/tecno_aula_2.jpg\" alt=\"\" width=\"1400\" height=\"575\" srcset=\"https:\/\/centresmolina.com\/centreensenyament\/files\/2014\/06\/tecno_aula_2.jpg 1400w, https:\/\/centresmolina.com\/centreensenyament\/files\/2014\/06\/tecno_aula_2-300x123.jpg 300w, https:\/\/centresmolina.com\/centreensenyament\/files\/2014\/06\/tecno_aula_2-1024x421.jpg 1024w\" sizes=\"auto, (max-width: 1400px) 100vw, 1400px\" \/><\/a><\/div>\n<\/div><\/div><\/div><div id=\"pgc-312-5-1\"  class=\"panel-grid-cell\"><div id=\"panel-312-5-1-0\" class=\"so-panel widget widget_black-studio-tinymce widget_black_studio_tinymce panel-first-child panel-last-child\" data-index=\"11\"><div class=\"textwidget\"><div class=\"columnacont\">\n<h1>Projecte Educat 1x1<\/h1>\n<p>Disposem de l\u2019<span class=\"blau\">adaptaci\u00f3 i actualitzaci\u00f3 tecnol\u00f2gica a totes les aules.<\/span> Comptem amb la renovaci\u00f3 constant dels nostres equips inform\u00e0tics i les aules disposen de pissarres digitals, per a millorar el nostre ensenyament i aprofitar el temps al m\u00e0xim. Actualment, ja impartim mat\u00e8ries amb llibre digital, on cada alumne assisteix a classe amb el seu ordinador port\u00e0til.<\/p>\n<p>Pensem que treballant d\u2019aquesta manera fem un <span class=\"blau\">\u00fas eficient del temps i aconseguim una visi\u00f3 cr\u00edtica de les fonts d\u2019informaci\u00f3<\/span>, treballem la recerca i intercanvi d\u2019informacions i identifiquem i verifiquem la fiabilitat de fonts. Tot i aix\u00f2, tenim sempre presents els mecanismes de protecci\u00f3 i defensa en front les diferents formes d\u2019agressi\u00f3 des de la xarxa.<\/p>\n<p>Dins el projecte <span class=\"blau\">\u201cEducaci\u00f3 per a la vida en un m\u00f3n connectat<\/span>\u201d, l\u2019objectiu \u00e9s millorar el rendiment personal i els h\u00e0bits de conviv\u00e8ncia en un m\u00f3n d\u2019abast global, sense barreres i en el que \u00e9s clau la contribuci\u00f3 de les persones per a construir una intel\u00b7lig\u00e8ncia i un coneixement col\u00b7lectius. Un m\u00f3n tamb\u00e9, per\u00f2, on les activitats d\u2019interacci\u00f3 poden esdevenir una addicci\u00f3, on la informaci\u00f3 circula lliurement i sense control i on la identitat de les persones i institucions pot difuminar-se o suplantar-se.<\/p>\n<p>El material de rob\u00f2tica, electr\u00f2nica i les impressores 3D que es troben al taller de l'escola ha estat adquirit amb el suport de la Generalitat de Catalunya, gr\u00e0cies a la participaci\u00f3 del centre al <em>Programa C\u00f3digo Escuela 4.0 <\/em>(programa finan\u00e7at pel Ministeri d\u2019Educaci\u00f3, Formaci\u00f3 Professional i Esports).<\/p>\n<p><img loading=\"lazy\" decoding=\"async\" class=\"wp-image-22153 aligncenter\" src=\"http:\/\/centresmolina.com\/centreensenyament\/files\/2025\/11\/Escola-4.0.jpg\" alt=\"\" width=\"215\" height=\"113\" data-id=\"22153\" srcset=\"https:\/\/centresmolina.com\/centreensenyament\/files\/2025\/11\/Escola-4.0.jpg 435w, https:\/\/centresmolina.com\/centreensenyament\/files\/2025\/11\/Escola-4.0-300x158.jpg 300w\" sizes=\"auto, (max-width: 215px) 100vw, 215px\" \/><\/p><\/div>\n<\/div><\/div><\/div><\/div><\/div><div id=\"pg-312-6\"  class=\"panel-grid panel-has-style\"><div class=\"spaceicon panel-row-style panel-row-style-for-312-6\"><div id=\"pgc-312-6-0\"  class=\"panel-grid-cell\"><div id=\"panel-312-6-0-0\" class=\"so-panel widget widget_black-studio-tinymce widget_black_studio_tinymce panel-first-child panel-last-child\" data-index=\"12\"><div class=\"textwidget\"><h1 id=\"menjador\" style=\"text-align: center;\"><span class=\"blau\">Menjador<\/span><\/h1>\n<\/div><\/div><\/div><\/div><\/div><div id=\"pg-312-7\"  class=\"panel-grid panel-has-style\"><div class=\"fonsblanc panel-row-style panel-row-style-for-312-7\"><div id=\"pgc-312-7-0\"  class=\"panel-grid-cell\"><div id=\"panel-312-7-0-0\" class=\"so-panel widget widget_black-studio-tinymce widget_black_studio_tinymce panel-first-child panel-last-child\" data-index=\"13\"><div class=\"textwidget\"><p><img loading=\"lazy\" decoding=\"async\" class=\"alignnone size-full wp-image-5125 imatge\" src=\"http:\/\/centresmolina.com\/centreensenyament\/files\/2014\/06\/menjador_img.jpg\" alt=\"\" width=\"594\" height=\"339\" data-id=\"5125\" srcset=\"https:\/\/centresmolina.com\/centreensenyament\/files\/2014\/06\/menjador_img.jpg 594w, https:\/\/centresmolina.com\/centreensenyament\/files\/2014\/06\/menjador_img-300x171.jpg 300w\" sizes=\"auto, (max-width: 594px) 100vw, 594px\" \/><\/p>\n<\/div><\/div><\/div><div id=\"pgc-312-7-1\"  class=\"panel-grid-cell\"><div id=\"panel-312-7-1-0\" class=\"so-panel widget widget_black-studio-tinymce widget_black_studio_tinymce panel-first-child panel-last-child\" data-index=\"14\"><div class=\"textwidget\"><div class=\"columnacont\">\n<p>Disposem de servei de menjador amb cuina pr\u00f2pia, on la nostra cuinera ens fa el dinar cada dia.<\/p>\n<p>A la nostra cuina els nostres prove\u00efdors de confian\u00e7a ens porten, cada dia, <span class=\"blau\">els aliments frescos del mercat.<\/span><\/p>\n<p>Cada curs, intentem millorar en tot all\u00f2 que fem, aix\u00ed com tamb\u00e9 introduir coses noves que tamb\u00e9 afecten a la nostra alimentaci\u00f3. Mica en mica,<span class=\"blau\"> intentem eliminar els sucres i aliments dol\u00e7os, introduir productes integrals, \u2026 i ampliar la nostra formaci\u00f3 per a seguir oferint el millor servei.<\/span><\/p>\n<p><a class=\"download-link\" href=\"http:\/\/centresmolina.com\/centreensenyament\/files\/2023\/07\/INTOLERANCIES-MENJADOR.pdf\">INTOLER\u00c0NCIES MENJADOR<\/a><\/p>\n<p><a class=\"download-link\" href=\"http:\/\/centresmolina.com\/centreensenyament\/files\/2025\/10\/MENU-2025-2026.pdf\">MEN\u00da 2025-2026<\/a><\/p>\n<p><a class=\"download-link\" href=\"http:\/\/centresmolina.com\/centreensenyament\/files\/2025\/10\/Preus-Menjador-25-26.pdf\">Preus Menjador 25-26<\/a><\/p>\n<\/div>\n<p><\/p><\/div><\/div><\/div><\/div><\/div><\/div><p> <a href=\"https:\/\/centresmolina.com\/centreensenyament\/serveis\/#more-312\" class=\"more-link\">Read More<\/a><\/p>","protected":false},"excerpt":{"rendered":"<p>\u00a0 SUMMER SCHOOL \/ ESCOLA D\u2019ESTIU Una alternativa l\u00fadica, esportiva i cultural per a les primeres setmanes d&#8217;estiu. \u00a0 INFORM\u00c0TICA&#8230;<\/p>\n","protected":false},"author":1,"featured_media":0,"parent":0,"menu_order":0,"comment_status":"closed","ping_status":"closed","template":"page-templates\/sidebar-excluded.php","meta":{"footnotes":""},"class_list":["post-312","page","type-page","status-publish","hentry"],"yoast_head":"<!-- This site is optimized with the Yoast SEO plugin v27.2 - https:\/\/yoast.com\/product\/yoast-seo-wordpress\/ -->\n<title>Activitats Extraescolars \/ Serveis - Centros de ense\u00f1anza<\/title>\n<meta name=\"robots\" content=\"index, follow, max-snippet:-1, max-image-preview:large, max-video-preview:-1\" \/>\n<link rel=\"canonical\" href=\"https:\/\/centresmolina.com\/centreensenyament\/serveis\/\" \/>\n<meta property=\"og:locale\" content=\"ca_ES\" \/>\n<meta property=\"og:type\" content=\"article\" \/>\n<meta property=\"og:title\" content=\"Activitats Extraescolars \/ Serveis - Centros de ense\u00f1anza\" \/>\n<meta property=\"og:description\" content=\"\u00a0 SUMMER SCHOOL \/ ESCOLA D\u2019ESTIU Una alternativa l\u00fadica, esportiva i cultural per a les primeres setmanes d&#039;estiu. \u00a0 INFORM\u00c0TICA...\" \/>\n<meta property=\"og:url\" content=\"https:\/\/centresmolina.com\/centreensenyament\/serveis\/\" \/>\n<meta property=\"og:site_name\" content=\"Centros de ense\u00f1anza\" \/>\n<meta property=\"article:modified_time\" content=\"2025-11-19T12:51:43+00:00\" \/>\n<meta property=\"og:image\" content=\"https:\/\/centresmolina.com\/centreensenyament\/files\/2014\/06\/sol_ico.png\" \/>\n\t<meta property=\"og:image:width\" content=\"111\" \/>\n\t<meta property=\"og:image:height\" content=\"110\" \/>\n\t<meta property=\"og:image:type\" content=\"image\/png\" \/>\n<meta name=\"twitter:label1\" content=\"Temps estimat de lectura\" \/>\n\t<meta name=\"twitter:data1\" content=\"7 minuts\" \/>\n<script type=\"application\/ld+json\" class=\"yoast-schema-graph\">{\"@context\":\"https:\/\/schema.org\",\"@graph\":[{\"@type\":\"WebPage\",\"@id\":\"https:\/\/centresmolina.com\/centreensenyament\/serveis\/\",\"url\":\"https:\/\/centresmolina.com\/centreensenyament\/serveis\/\",\"name\":\"Activitats Extraescolars \/ Serveis - Centros de ense\u00f1anza\",\"isPartOf\":{\"@id\":\"https:\/\/centresmolina.com\/centreensenyament\/#website\"},\"primaryImageOfPage\":{\"@id\":\"https:\/\/centresmolina.com\/centreensenyament\/serveis\/#primaryimage\"},\"image\":{\"@id\":\"https:\/\/centresmolina.com\/centreensenyament\/serveis\/#primaryimage\"},\"thumbnailUrl\":\"http:\/\/centresmolina.com\/centreensenyament\/wp-content\/uploads\/sites\/2\/2014\/06\/sol_ico.png\",\"datePublished\":\"2014-06-20T11:08:26+00:00\",\"dateModified\":\"2025-11-19T12:51:43+00:00\",\"breadcrumb\":{\"@id\":\"https:\/\/centresmolina.com\/centreensenyament\/serveis\/#breadcrumb\"},\"inLanguage\":\"ca\",\"potentialAction\":[{\"@type\":\"ReadAction\",\"target\":[\"https:\/\/centresmolina.com\/centreensenyament\/serveis\/\"]}]},{\"@type\":\"ImageObject\",\"inLanguage\":\"ca\",\"@id\":\"https:\/\/centresmolina.com\/centreensenyament\/serveis\/#primaryimage\",\"url\":\"http:\/\/centresmolina.com\/centreensenyament\/wp-content\/uploads\/sites\/2\/2014\/06\/sol_ico.png\",\"contentUrl\":\"http:\/\/centresmolina.com\/centreensenyament\/wp-content\/uploads\/sites\/2\/2014\/06\/sol_ico.png\"},{\"@type\":\"BreadcrumbList\",\"@id\":\"https:\/\/centresmolina.com\/centreensenyament\/serveis\/#breadcrumb\",\"itemListElement\":[{\"@type\":\"ListItem\",\"position\":1,\"name\":\"Portada\",\"item\":\"https:\/\/centresmolina.com\/centreensenyament\/\"},{\"@type\":\"ListItem\",\"position\":2,\"name\":\"Activitats Extraescolars \/ Serveis\"}]},{\"@type\":\"WebSite\",\"@id\":\"https:\/\/centresmolina.com\/centreensenyament\/#website\",\"url\":\"https:\/\/centresmolina.com\/centreensenyament\/\",\"name\":\"Centros de ense\u00f1anza\",\"description\":\"Centres Molina - Centros de ense\u00f1anza\",\"potentialAction\":[{\"@type\":\"SearchAction\",\"target\":{\"@type\":\"EntryPoint\",\"urlTemplate\":\"https:\/\/centresmolina.com\/centreensenyament\/?s={search_term_string}\"},\"query-input\":{\"@type\":\"PropertyValueSpecification\",\"valueRequired\":true,\"valueName\":\"search_term_string\"}}],\"inLanguage\":\"ca\"}]}<\/script>\n<!-- \/ Yoast SEO plugin. -->","yoast_head_json":{"title":"Activitats Extraescolars \/ Serveis - Centros de ense\u00f1anza","robots":{"index":"index","follow":"follow","max-snippet":"max-snippet:-1","max-image-preview":"max-image-preview:large","max-video-preview":"max-video-preview:-1"},"canonical":"https:\/\/centresmolina.com\/centreensenyament\/serveis\/","og_locale":"ca_ES","og_type":"article","og_title":"Activitats Extraescolars \/ Serveis - Centros de ense\u00f1anza","og_description":"\u00a0 SUMMER SCHOOL \/ ESCOLA D\u2019ESTIU Una alternativa l\u00fadica, esportiva i cultural per a les primeres setmanes d'estiu. \u00a0 INFORM\u00c0TICA...","og_url":"https:\/\/centresmolina.com\/centreensenyament\/serveis\/","og_site_name":"Centros de ense\u00f1anza","article_modified_time":"2025-11-19T12:51:43+00:00","og_image":[{"width":111,"height":110,"url":"https:\/\/centresmolina.com\/centreensenyament\/files\/2014\/06\/sol_ico.png","type":"image\/png"}],"twitter_misc":{"Temps estimat de lectura":"7 minuts"},"schema":{"@context":"https:\/\/schema.org","@graph":[{"@type":"WebPage","@id":"https:\/\/centresmolina.com\/centreensenyament\/serveis\/","url":"https:\/\/centresmolina.com\/centreensenyament\/serveis\/","name":"Activitats Extraescolars \/ Serveis - Centros de ense\u00f1anza","isPartOf":{"@id":"https:\/\/centresmolina.com\/centreensenyament\/#website"},"primaryImageOfPage":{"@id":"https:\/\/centresmolina.com\/centreensenyament\/serveis\/#primaryimage"},"image":{"@id":"https:\/\/centresmolina.com\/centreensenyament\/serveis\/#primaryimage"},"thumbnailUrl":"http:\/\/centresmolina.com\/centreensenyament\/wp-content\/uploads\/sites\/2\/2014\/06\/sol_ico.png","datePublished":"2014-06-20T11:08:26+00:00","dateModified":"2025-11-19T12:51:43+00:00","breadcrumb":{"@id":"https:\/\/centresmolina.com\/centreensenyament\/serveis\/#breadcrumb"},"inLanguage":"ca","potentialAction":[{"@type":"ReadAction","target":["https:\/\/centresmolina.com\/centreensenyament\/serveis\/"]}]},{"@type":"ImageObject","inLanguage":"ca","@id":"https:\/\/centresmolina.com\/centreensenyament\/serveis\/#primaryimage","url":"http:\/\/centresmolina.com\/centreensenyament\/wp-content\/uploads\/sites\/2\/2014\/06\/sol_ico.png","contentUrl":"http:\/\/centresmolina.com\/centreensenyament\/wp-content\/uploads\/sites\/2\/2014\/06\/sol_ico.png"},{"@type":"BreadcrumbList","@id":"https:\/\/centresmolina.com\/centreensenyament\/serveis\/#breadcrumb","itemListElement":[{"@type":"ListItem","position":1,"name":"Portada","item":"https:\/\/centresmolina.com\/centreensenyament\/"},{"@type":"ListItem","position":2,"name":"Activitats Extraescolars \/ Serveis"}]},{"@type":"WebSite","@id":"https:\/\/centresmolina.com\/centreensenyament\/#website","url":"https:\/\/centresmolina.com\/centreensenyament\/","name":"Centros de ense\u00f1anza","description":"Centres Molina - Centros de ense\u00f1anza","potentialAction":[{"@type":"SearchAction","target":{"@type":"EntryPoint","urlTemplate":"https:\/\/centresmolina.com\/centreensenyament\/?s={search_term_string}"},"query-input":{"@type":"PropertyValueSpecification","valueRequired":true,"valueName":"search_term_string"}}],"inLanguage":"ca"}]}},"_links":{"self":[{"href":"https:\/\/centresmolina.com\/centreensenyament\/wp-json\/wp\/v2\/pages\/312","targetHints":{"allow":["GET"]}}],"collection":[{"href":"https:\/\/centresmolina.com\/centreensenyament\/wp-json\/wp\/v2\/pages"}],"about":[{"href":"https:\/\/centresmolina.com\/centreensenyament\/wp-json\/wp\/v2\/types\/page"}],"author":[{"embeddable":true,"href":"https:\/\/centresmolina.com\/centreensenyament\/wp-json\/wp\/v2\/users\/1"}],"replies":[{"embeddable":true,"href":"https:\/\/centresmolina.com\/centreensenyament\/wp-json\/wp\/v2\/comments?post=312"}],"version-history":[{"count":54,"href":"https:\/\/centresmolina.com\/centreensenyament\/wp-json\/wp\/v2\/pages\/312\/revisions"}],"predecessor-version":[{"id":22155,"href":"https:\/\/centresmolina.com\/centreensenyament\/wp-json\/wp\/v2\/pages\/312\/revisions\/22155"}],"wp:attachment":[{"href":"https:\/\/centresmolina.com\/centreensenyament\/wp-json\/wp\/v2\/media?parent=312"}],"curies":[{"name":"wp","href":"https:\/\/api.w.org\/{rel}","templated":true}]}}